
What are the prime factors of 15828221?
15828221
What are the prime factors of 666705896?
2, 19, 1733, 2531
What are the prime factors of 458887198?
2, 7, 11, 73, 40819
List the prime factors of 171947461.
7, 24563923
What are the prime factors of 862786145?
5, 13, 251, 52883
List the prime factors of 719089412.
2, 179772353
What are the prime factors of 10121388?
2, 3, 843449
List the prime factors of 7563924524.
2, 13, 41, 89, 39863
What are the prime factors of 1396562359?
17, 6791, 12097
List the prime factors of 1647582552.
2, 3, 7, 11, 23, 59, 73
List the prime factors of 472426315.
5, 94485263
What are the prime factors of 259336086?
2, 3, 23, 521, 3607
What are the prime factors of 1332647084?
2, 227, 1467673
List the prime factors of 17782141.
13, 1367857
List the prime factors of 2151620551.
991, 2171161
List the prime factors of 167607710.
2, 5, 83, 201937
What are the prime factors of 50853334?
2, 7, 3632381
What are the prime factors of 24583932?
2, 3, 227629
List the prime factors of 40090624.
2, 7, 17, 47
What are the prime factors of 43096477?
67, 643231
List the prime factors of 24452038.
2, 13, 89, 10567
List the prime factors of 385943566.
2, 271, 499, 1427
What are the prime factors of 3528777210?
2, 3, 5, 7, 17, 988453
What are the prime factors of 398082255?
3, 5, 3989, 6653
List the prime factors of 50084034.
2, 3, 7, 11, 13, 31, 269
List the prime factors of 139864465.
5, 13, 127, 16943
List the prime factors of 804626133.
3, 17, 15776983
List the prime factors of 221070477.
3, 73690159
List the prime factors of 64347776.
2, 502717
What are the prime factors of 5436989969?
5867, 926707
What are the prime factors of 868729508?
2, 217182377
List the prime factors of 421534621.
31, 2381, 5711
What are the prime factors of 277778899?
8969, 30971
List the prime factors of 105083030.
2, 5, 13, 307, 2633
What are the prime factors of 14435942?
2, 1249, 5779
What are the prime factors of 74148684?
2, 3, 43, 143699
List the prime factors of 2850985939.
7507, 379777
What are the prime factors of 44764874?
2, 7, 11, 19, 15299
What are the prime factors of 25081347?
3, 401, 20849
List the prime factors of 67174116.
2, 3, 5597843
List the prime factors of 193444491.
3, 19, 383, 8861
What are the prime factors of 105259795?
5, 73, 288383
What are the prime factors of 592171688?
2, 1163, 63647
What are the prime factors of 24275546?
2, 1579, 7687
What are the prime factors of 19889526?
2, 3, 23, 101, 1427
List the prime factors of 4730358370.
2, 5, 19, 24896623
List the prime factors of 45211616.
2, 1412863
List the prime factors of 1342697132.
2, 7, 1811, 26479
What are the prime factors of 18101387?
83, 467
What are the prime factors of 716501877?
3, 7, 13, 2624549
List the prime factors of 16585079.
7, 48353
List the prime factors of 312445711.
79, 3955009
List the prime factors of 460043672.
2, 11, 5227769
List the prime factors of 447191560.
2, 5, 11179789
List the prime factors of 45954392.
2, 11, 53, 59, 167
What are the prime factors of 458569127?
271, 1692137
What are the prime factors of 590812438?
2, 89, 3319171
List the prime factors of 33166077.
3, 7, 19, 101, 823
What are the prime factors of 28036059?
3, 31, 301463
What are the prime factors of 59541161?
2833, 21017
What are the prime factors of 2431535278?
2, 97, 131, 241, 397
What are the prime factors of 46909648?
2, 67, 43759
What are the prime factors of 701462492?
2, 175365623
What are the prime factors of 321274708?
2, 80318677
List the prime factors of 349127406.
2, 3, 43, 451069
What are the prime factors of 1156396687?
113, 647, 15817
What are the prime factors of 2204395722?
2, 3, 197, 69073
List the prime factors of 2361417408.
2, 3, 7, 167
What are the prime factors of 5229256?
2, 19, 34403
List the prime factors of 1648178814.
2, 3, 211, 1301879
What are the prime factors of 33620369?
41, 47, 73, 239
List the prime factors of 933005451.
3, 7, 433, 102607
List the prime factors of 1819739818.
2, 13, 41, 1707073
List the prime factors of 163140297.
3, 6217, 8747
What are the prime factors of 121585449?
3, 163, 248641
List the prime factors of 466447272.
2, 3, 1549, 12547
List the prime factors of 3571620586.
2, 22637, 78889
What are the prime factors of 290600260?
2, 5, 2111, 6883
What are the prime factors of 7569148?
2, 17, 79, 1409
What are the prime factors of 1039172309?
7, 10253, 14479
List the prime factors of 427875737.
17, 131, 229, 839
List the prime factors of 881772704.
2, 27555397
List the prime factors of 501988600.
2, 5, 109, 23027
What are the prime factors of 41477787?
3, 13, 241, 1471
List the prime factors of 187876157.
7, 61, 439991
What are the prime factors of 59934736?
2, 89, 42089
List the prime factors of 145506972.
2, 3, 13, 157, 457
List the prime factors of 287730325.
5, 89, 1453
List the prime factors of 46309322.
2, 1129, 20509
List the prime factors of 51977200.
2, 5, 11, 11813
List the prime factors of 9246718291.
751, 1489, 8269
List the prime factors of 5099356746.
2, 3, 11, 71, 73, 4969
List the prime factors of 44204433.
3, 7, 13, 161921
What are the prime factors of 151356628?
2, 37839157
List the prime factors of 83412273.
3, 7, 1987, 1999
List the prime factors of 1517018737.
13, 41, 2846189
What are the prime factors of 18956883?
3, 11, 41, 14011
What are the prime factors of 49639724?
2, 12409931
List the prime factors of 120270958.
2, 41, 1466719
What are the prime factors of 247532643?
3, 83, 331369
What are the prime factors of 61087672?
2, 7635959
What are the prime factors of 34739234?
2, 3673, 4729
What are the prime factors of 87176669?
87176669
List the prime factors of 2066693475.
3, 5, 7, 11, 89, 4021
What are the prime factors of 253147253?
277, 913889
What are the prime factors of 211329135?
3, 5, 577, 2713
What are the prime factors of 1475441118?
2, 3, 17, 163, 29581
What are the prime factors of 3989575?
5, 53, 3011
What are the prime factors of 82924016?
2, 7, 23, 32191
List the prime factors of 494781743.
494781743
What are the prime factors of 1886651230?
2, 5, 43, 1123, 3907
What are the prime factors of 2084759276?
2, 521189819
What are the prime factors of 9292041?
3, 11, 47, 1997
List the prime factors of 46939451.
13, 263, 13729
What are the prime factors of 881696551?
17, 2549, 20347
List the prime factors of 410828911.
401, 1024511
What are the prime factors of 5146772688?
2, 3, 193, 185189
What are the prime factors of 216143900?
2, 5, 7, 44111
List the prime factors of 1426022075.
5, 29, 181, 10867
What are the prime factors of 29482860?
2, 3, 5, 11, 31, 131
List the prime factors of 325829558.
2, 29, 109, 51539
List the prime factors of 17877057.
3, 11, 271, 1999
What are the prime factors of 462813621?
3, 5813, 26539
What are the prime factors of 395197475?
5, 15807899
What are the prime factors of 83682532?
2, 59, 354587
What are the prime factors of 180233292?
2, 3, 15019441
List the prime factors of 25132689.
3, 2792521
What are the prime factors of 986829350?
2, 5, 13, 1518199
What are the prime factors of 137392536?
2, 3, 53, 108013
What are the prime factors of 2265762863?
7, 13, 19, 71, 18457
List the prime factors of 268331390.
2, 5, 107, 250777
List the prime factors of 378162842.
2, 29, 97, 67217
List the prime factors of 433029659.
41, 47, 224717
List the prime factors of 19950687.
3, 2216743
List the prime factors of 3165311227.
13, 29, 43, 6733
What are the prime factors of 412924072?
2, 11, 71, 66089
What are the prime factors of 89344682?
2, 7, 367, 17389
List the prime factors of 593544372.
2, 3, 41, 1206391
What are the prime factors of 781586215?
5, 3323, 47041
List the prime factors of 150141193.
150141193
What are the prime factors of 82051044?
2, 3, 17, 19, 21169
List the prime factors of 2812070853.
3, 31, 10079107
List the prime factors of 682094688.
2, 3, 11, 97, 6659
What are the prime factors of 3799205?
5, 31, 127, 193
What are the prime factors of 1935728832?
2, 3, 101, 173, 577
What are the prime factors of 1580339942?
2, 431, 1833341
List the prime factors of 1171040290.
2, 5, 7, 16729147
What are the prime factors of 910333808?
2, 2027, 28069
List the prime factors of 2456786480.
2, 5, 1151, 26681
List the prime factors of 133956807.
3, 23, 1941403
List